 -8. What is the highest common divisor of s and d?
4
Let g be (-54)/(-4) + (-1)/(-2). Suppose 3*f = 1 + g. Let l be 86/18 - 4/(-18). Calculate the highest common divisor of f and l.
5
Let t(a) = -5*a + 15. Let n be t(-3). What is the greatest common factor of n and 10?
10
Suppose -5*t + 125 = 4*a, 5*a - 118 = t + 31. What is the highest common factor of a and 10?
10
Suppose -4*h - 3*v + 93 = 2*v, -84 = -3*h + v. Suppose 0 = 7*l + h - 132. Calculate the greatest common divisor of l and 165.
15
Let k = 199 + -39. Let z be -2 + 4 + (15 - -3). What is the highest common divisor of z and k?
20
Suppose 0 = 3*j - 15, -5*d + 7*d = 4*j + 4. Calculate the highest common factor of d and 60.
12
Let x(s) = 0*s + 4*s + 2 - 7. Let u(j) = 6*j**2 + j + 1. Let b be u(-1). Let y be x(b). What is the greatest common divisor of y and 38?
19
Let j(q) = q**3 + 8*q**2. Let o be j(-8). Let x be o + 29 - (-2)/2. Calculate the greatest common divisor of 10 and x.
10
Suppose -2*z + 5*m - 97 = -3*z, m = 4. Calculate the highest common divisor of 7 and z.
7
Let d = 3 - -2. What is the greatest common divisor of 55 and d?
5
Let n = 2 + 0. Let u be n/(-2)*-9 + -1. What is the greatest common factor of 80 and u?
8
Suppose 2*t + 77 = l - 0, -159 = 4*t - l. Let i = -28 - t. What is the highest common divisor of 13 and i?
13
Let o(m) = -15*m + 3. Let u be o(3). Let f = u + 82. What is the highest common factor of f and 16?
8
Suppose 0 = 13*r - 9*r - 1760. Calculate the highest common factor of 40 and r.
40
Let t = 12 - 0. What is the greatest common divisor of 42 and t?
6
Suppose 0*z + 2*u = 5*z - 114, 3*z - 4*u - 60 = 0. Calculate the greatest common divisor of z and 16.
8
Let x(t) = t**2 - 2*t - 4. Let n be x(-4). Let v = 41 - n. Suppose v = -d + 4*d. Calculate the highest common divisor of d and 35.
7
Let u = 29 - 7. What is the greatest common divisor of 176 and u?
22
Suppose 17 + 3 = 5*j. Suppose 3*i - i - 16 = -4*a, 4*a - 28 = -j*i. What is the highest common factor of 18 and i?
6
Let q(z) = -z + 1. Let g be q(-3). Suppose g*b + 108 = 8*b. Calculate the greatest common divisor of b and 27.
27
Suppose 0 = d - 4*t - 38, -49 = -7*d + 4*d - t. What is the highest common divisor of 18 and d?
18
Suppose 6 = -21*g + 23*g. Calculate the highest common divisor of g and 24.
3
Suppose -4*z + 504 = 2*z. What is the highest common divisor of z and 12?
12
Suppose 4*o + 4 = 16. Suppose 0*p + 5*w = -p + 16, -5*p = -4*w - 22. What is the highest common factor of o and p?
3
Let y(u) = u**2 + 15*u - 5. Let r be y(-16). Suppose i - 127 = -3*j, 5*j + 3*i - 205 = -0*j. Calculate the greatest common factor of r and j.
11
Let i = -29 - -62. Let v(w) = -22*w**3 - w**2 - 6*w - 5. Let b be v(-1). What is the highest common factor of b and i?
11
Suppose -2*t = 4*i - 120, -4*i - 22 = -6. Calculate the highest common factor of 17 and t.
17
Let f = 7 - 5. Suppose 0 = 3*r + q + 4*q - 10, 0 = -f*q - 8. What is the greatest common divisor of 15 and r?
5
Suppose 2*d = -0 - 2. Let h be (-4)/(2 - (2 - d)). Calculate the greatest common divisor of h and 1.
1
Let x = 75 - 24. Calculate the highest common factor of 17 and x.
17
Suppose 9*b - 10*b = -1. Let p(g) = 17*g**3 + 2*g - 1. Let m be p(b). Calculate the highest common divisor of m and 198.
18
Let o(f) = 21*f**2 - f. Let s be o(-1). Calculate the greatest common divisor of 242 and s.
22
Let t be (0 + 0 + 1)*5. Let u = t - 5. Suppose -5*o + 5*v - v + 44 = u, 2*o - v - 17 = 0. Calculate the greatest common divisor of o and 56.
8
Let z(r) = -25*r**3 - 2*r**2 + 1. Let c be z(-1). Calculate the greatest common divisor of c and 16.
8
Suppose -5 + 4 = -5*t + 3*l, 2*l - 12 = -3*t. Let o = -2 + t. Suppose -5*c = -o*c - 90. What is the greatest common divisor of c and 6?
6
Suppose -5*b + 3*f + 51 = 5, 4*b - 38 = 3*f. Let t = -5 + b. Suppose 0 = -3*u - 13 + 1, 1 = -5*j - 4*u. What is the greatest common divisor of j and t?
3
Let i be 42/30*10/2. Suppose 2*p - i = -3*v, -2*v + 0 = 2. What is the greatest common divisor of 1 and p?
1
Suppose d - 35 = -5. What is the greatest common divisor of d and 20?
10
Let i be 4/(20/35) - 3. What is the highest common factor of 8 and i?
4
Suppose 0 = 2*u - 0*u + 2. Let d(l) = -6*l + 1. Let b be d(u). Let n be (-5)/(-1) - (1 - 3). What is the greatest common factor of n and b?
7
Let a(l) = -22*l**2 + 1 + 20*l**2 - l**3 - 5. Let i be a(-3). Calculate the highest common divisor of i and 2.
1
Suppose 0 = -3*u - 0*u - 3, -101 = -v - 4*u. Calculate the greatest common factor of 35 and v.
35
Suppose k + 16 - 2 = 4*c, -4*k + 39 = 3*c. Let t = k + -12. Let d be -12*15/t*2. What is the highest common divisor of d and 24?
12
Let x(n) = n**3 - 4*n**2 - 1. Let t be x(4). Let w = 65 + t. Let r(o) = o**2 + 7*o - 2. Let b be r(-9). Calculate the greatest common factor of b and w.
16
Let d(t) = 15*t - 3. Let c be d(5). Calculate the greatest common factor of 4 and c.
4
Let a(y) = y**2 - y. Let t be a(-4). Let o(q) = -50*q. Let b be o(-1). What is the highest common factor of t and b?
10
Let r be 1/5 + (-15878)/(-85). Calculate the highest common factor of r and 17.
17
Suppose -36 = -3*y + 6. What is the highest common divisor of y and 98?
14
Suppose 5*y = -11 + 41. What is the highest common factor of y and 15?
3
Let y be 1146/8 + 6/8. Calculate the greatest common factor of y and 18.
18
Suppose 3 = y + 1, 5*y + 16 = 2*h. What is the highest common factor of 52 and h?
13
Suppose -2*m = -4*n - 188 + 20, 5*n + 342 = 4*m. Calculate the greatest common divisor of 8 and m.
8
Let f be (-2)/((-4)/2) + 2. What is the greatest common divisor of 3 and f?
3
Let t(a) = -5*a - 36. Let j be t(-8). What is the highest common factor of 20 and j?
4
Let n = 12 - 7. Suppose 3*s - 5*y = 29, n*y = -s + 47 - 4. What is the highest common divisor of 45 and s?
9
Let r = 52 - 34. Calculate the greatest common divisor of r and 90.
18
Let k be 2 + ((-2)/2 - 235). Let j be k/(-27) - (-8)/6. Suppose 2*v - 20 = -2*v. What is the highest common factor of j and v?
5
Let z = 108 - 63. What is the greatest common factor of z and 30?
15
Let h be 279 + (-3)/(3 + -6). Suppose 2*l = -2*l + h. What is the highest common divisor of l and 10?
10
Let d(k) = -k**2 + 7*k + 2. Let v be d(6). What is the highest common divisor of 88 and v?
8
Let r = 8 + -5. Let j(t) = 3*t**3 - t**2. Let g be j(r). What is the highest common divisor of 8 and g?
8
Let t(k) = 2*k + 1. Let q be t(5). Suppose 0 = -2*o - 4*a + 32, q = 2*o + 3*a - 18. What is the greatest common divisor of o and 15?
5
Let t(u) = u**3 + 14*u**2 - 33*u + 5. Let j be t(-16). Calculate the highest common divisor of 189 and j.
21
Suppose 3*h - 5*u = 7*h - 54, -39 = -3*h - 3*u. Suppose 2*t - 28 - 16 = 0. Calculate the highest common factor of t and h.
11
Suppose 0 = -4*g + 23 + 5. What is the highest common factor of 77 and g?
7
Let r(c) = 9*c + 5. Let h be r(-3). Let w = h + 37. What is the greatest common divisor of w and 45?
15
Let n = -2 + 5. Suppose 4*t = 3*z + z + 12, z = -n*t + 9. What is the highest common factor of 15 and t?
3
Suppose 2*d + 3*w - 43 = 2*w, -92 = -4*d + 4*w. What is the greatest common divisor of d and 33?
11
Let i = -296 - -645. Suppose 0 = 2*z - 3 - i. What is the highest common factor of z and 16?
16
Suppose -5*k + 3*a + 13 = 0, -4*k + 3 + 0 = 5*a. Let s = k + 10. Calculate the greatest common factor of s and 12.
12
Suppose 0 = 2*n - 3 - 5, 82 = 2*y + 5*n. Suppose -2*j = -y + 3. What is the highest common divisor of j and 70?
14
Suppose 0 = 4*q + m - 11, 2*q + 0*q + 2*m - 4 = 0. What is the highest common divisor of q and 1?
1
Let n be ((1 + 2)*15)/1. Calculate the highest common factor of 5 and n.
5
Suppose 0 = 2*h - 32 + 6. Suppose -78 = 13*o - 19*o. Calculate the highest common factor of o and h.
13
Suppose -5*v - 5*i = -105, -4*v + v + i + 51 = 0. Suppose -54 = -0*q - q. Calculate the highest common factor of v and q.
18
Let n be ((-2)/(-6) + 0)*9. Suppose 10 = -n*j - 128. Let c be j/(-4) - 7/(-14). Calculate the highest common divisor of 108 and c.
12
Let f = -38 - -64. Let i be f/(-10) + (-4)/10. Let m be (i - -2)/(1/(-11)). What is the highest common factor of 77 and m?
11
Suppose 4*u - 14 = 2. What is the greatest common factor of u and 4?
4
Let x(k) = -k + 29. Let s be x(15). What is the highest c